{"id":823,"date":"2025-12-26T17:30:53","date_gmt":"2025-12-26T17:30:53","guid":{"rendered":"https:\/\/peachpuff-crab-887725.hostingersite.com\/?page_id=823"},"modified":"2025-12-26T17:35:36","modified_gmt":"2025-12-26T17:35:36","slug":"gdpr","status":"publish","type":"page","link":"https:\/\/wermlandslarm.se\/?page_id=823","title":{"rendered":"GDPR"},"content":{"rendered":"<style>.elementor-823 .elementor-element.elementor-element-12e2f0bb > .elementor-container > .elementor-column > .elementor-widget-wrap{align-content:center;align-items:center;}.elementor-823 .elementor-element.elementor-element-12e2f0bb:not(.elementor-motion-effects-element-type-background), .elementor-823 .elementor-element.elementor-element-12e2f0bb > .elementor-motion-effects-container > .elementor-motion-effects-layer{background-image:url(\"https:\/\/wermlandslarm.se\/wp-content\/uploads\/2025\/12\/aO-IR6-Security-Cam01.webp\");background-position:top center;background-repeat:no-repeat;background-size:cover;}.elementor-823 .elementor-element.elementor-element-12e2f0bb > .elementor-background-overlay{background-color:var( --e-global-color-f06adda );opacity:0.6;transition:background 0.3s, border-radius 0.3s, opacity 0.3s;}.elementor-823 .elementor-element.elementor-element-12e2f0bb > .elementor-container{min-height:500px;}.elementor-823 .elementor-element.elementor-element-12e2f0bb{transition:background 0.3s, border 0.3s, border-radius 0.3s, box-shadow 0.3s;margin-top:0px;margin-bottom:110px;padding:0px 15px 0px 15px;}.elementor-823 .elementor-element.elementor-element-62b8140c > .elementor-element-populated{transition:background 0.3s, border 0.3s, border-radius 0.3s, box-shadow 0.3s;margin:100px 0px 0px 0px;--e-column-margin-right:0px;--e-column-margin-left:0px;}.elementor-823 .elementor-element.elementor-element-62b8140c > .elementor-element-populated > .elementor-background-overlay{transition:background 0.3s, border-radius 0.3s, opacity 0.3s;}.elementor-823 .elementor-element.elementor-element-19755d83{text-align:center;}.elementor-823 .elementor-element.elementor-element-19755d83 .elementor-heading-title{color:var( --e-global-color-21bfb04 );}.elementor-823 .elementor-element.elementor-element-ebfc669{--display:flex;--flex-direction:column;--container-widget-width:100%;--container-widget-height:initial;--container-widget-flex-grow:0;--container-widget-align-self:initial;--flex-wrap-mobile:wrap;}.elementor-823 .elementor-element.elementor-element-5c346c1{text-align:center;}.elementor-823 .elementor-element.elementor-element-a3abe83{--display:flex;--flex-direction:column;--container-widget-width:100%;--container-widget-height:initial;--container-widget-flex-grow:0;--container-widget-align-self:initial;--flex-wrap-mobile:wrap;}.elementor-823 .elementor-element.elementor-element-9405dae{text-align:center;}:root{--page-title-display:none;}@media(max-width:1024px){.elementor-823 .elementor-element.elementor-element-62b8140c > .elementor-element-populated{margin:145px 0px 0px 0px;--e-column-margin-right:0px;--e-column-margin-left:0px;}}@media(max-width:767px){.elementor-823 .elementor-element.elementor-element-12e2f0bb > .elementor-container{min-height:450px;}.elementor-823 .elementor-element.elementor-element-12e2f0bb{margin-top:0px;margin-bottom:100px;}.elementor-823 .elementor-element.elementor-element-62b8140c > .elementor-element-populated{margin:200px 0px 0px 0px;--e-column-margin-right:0px;--e-column-margin-left:0px;}}<\/style>\t\t<div data-elementor-type=\"wp-page\" data-elementor-id=\"823\" class=\"elementor elementor-823\">\n\t\t\t\t\t\t<section class=\"elementor-section elementor-top-section elementor-element elementor-element-12e2f0bb elementor-section-height-min-height elementor-section-content-middle elementor-section-boxed elementor-section-height-default elementor-section-items-middle\" data-id=\"12e2f0bb\" data-element_type=\"section\" data-settings=\"{&quot;background_background&quot;:&quot;classic&quot;}\">\n\t\t\t\t\t\t\t<div class=\"elementor-background-overlay\"><\/div>\n\t\t\t\t\t\t\t<div class=\"elementor-container elementor-column-gap-no\">\n\t\t\t\t\t<div class=\"elementor-column elementor-col-100 elementor-top-column elementor-element elementor-element-62b8140c\" data-id=\"62b8140c\" data-element_type=\"column\" data-settings=\"{&quot;background_background&quot;:&quot;classic&quot;}\">\n\t\t\t<div class=\"elementor-widget-wrap elementor-element-populated\">\n\t\t\t\t\t\t<div class=\"elementor-element elementor-element-19755d83 elementor-widget elementor-widget-heading\" data-id=\"19755d83\" data-element_type=\"widget\" data-widget_type=\"heading.default\">\n\t\t\t\t\t<h1 class=\"elementor-heading-title elementor-size-default\">GDPR &amp; Kontaktformul\u00e4r<\/h1>\t\t\t\t<\/div>\n\t\t\t\t\t<\/div>\n\t\t<\/div>\n\t\t\t\t\t<\/div>\n\t\t<\/section>\n\t\t<div class=\"elementor-element elementor-element-ebfc669 e-flex e-con-boxed e-con e-parent\" data-id=\"ebfc669\" data-element_type=\"container\">\n\t\t\t\t\t<div class=\"e-con-inner\">\n\t\t\t\t<div class=\"elementor-element elementor-element-5c346c1 elementor-widget elementor-widget-heading\" data-id=\"5c346c1\" data-element_type=\"widget\" data-widget_type=\"heading.default\">\n\t\t\t\t\t<h2 class=\"elementor-heading-title elementor-size-default\">GDPR &amp; Kontaktformul\u00e4r<\/h2>\t\t\t\t<\/div>\n\t\t\t\t\t<\/div>\n\t\t\t\t<\/div>\n\t\t<div class=\"elementor-element elementor-element-a3abe83 e-flex e-con-boxed e-con e-parent\" data-id=\"a3abe83\" data-element_type=\"container\">\n\t\t\t\t\t<div class=\"e-con-inner\">\n\t\t\t\t<div class=\"elementor-element elementor-element-9405dae elementor-widget elementor-widget-text-editor\" data-id=\"9405dae\" data-element_type=\"widget\" data-widget_type=\"text-editor.default\">\n\t\t\t\t\t\t\t\t\t<p data-start=\"171\" data-end=\"447\">N\u00e4r du kontaktar Wermlands Larm via v\u00e5rt kontaktformul\u00e4r behandlar vi dina personuppgifter i enlighet med g\u00e4llande dataskyddslagstiftning (GDPR). De uppgifter du l\u00e4mnar anv\u00e4nds enbart f\u00f6r att hantera din f\u00f6rfr\u00e5gan och f\u00f6r att kunna \u00e5terkomma till dig med relevant information.<\/p><p data-start=\"449\" data-end=\"710\">Personuppgifterna sparas inte l\u00e4ngre \u00e4n n\u00f6dv\u00e4ndigt och delas inte med tredje part, f\u00f6rutom n\u00e4r det kr\u00e4vs f\u00f6r att tillhandah\u00e5lla v\u00e5ra tj\u00e4nster. F\u00f6r att skicka formul\u00e4ret kr\u00e4vs ditt samtycke till att vi behandlar dina personuppgifter enligt v\u00e5r integritetspolicy.<\/p><p data-start=\"712\" data-end=\"885\">Du har r\u00e4tt att n\u00e4r som helst beg\u00e4ra information om vilka uppgifter vi behandlar om dig, beg\u00e4ra r\u00e4ttelse eller radering, samt \u00e5terkalla ditt samtycke genom att kontakta oss.<\/p>\t\t\t\t\t\t\t\t<\/div>\n\t\t\t\t\t<\/div>\n\t\t\t\t<\/div>\n\t\t\t\t<\/div>\n\t\t\n    <div class=\"xs_social_share_widget xs_share_url after_content \t\tmain_content  wslu-style-1 wslu-share-box-shaped wslu-fill-colored wslu-none wslu-share-horizontal wslu-theme-font-no wslu-main_content\">\n\n\t\t\n        <ul>\n\t\t\t        <\/ul>\n    <\/div> \n","protected":false},"excerpt":{"rendered":"<p>GDPR &amp; Kontaktformul\u00e4r GDPR &amp; Kontaktformul\u00e4r N\u00e4r du kontaktar Wermlands Larm via v\u00e5rt kontaktformul\u00e4r behandlar vi dina personuppgifter i enlighet med g\u00e4llande dataskyddslagstiftning (GDPR). De uppgifter du l\u00e4mnar anv\u00e4nds enbart f\u00f6r att hantera din f\u00f6rfr\u00e5gan och f\u00f6r att kunna \u00e5terkomma till dig med relevant information. Personuppgifterna sparas inte l\u00e4ngre \u00e4n n\u00f6dv\u00e4ndigt och delas inte med [&hellip;]<\/p>\n","protected":false},"author":1,"featured_media":0,"parent":0,"menu_order":0,"comment_status":"closed","ping_status":"closed","template":"","meta":{"postBodyCss":"","postBodyMargin":[],"postBodyPadding":[],"postBodyBackground":{"backgroundType":"classic","gradient":""},"footnotes":""},"class_list":["post-823","page","type-page","status-publish","hentry"],"_hostinger_reach_plugin_has_subscription_block":false,"_hostinger_reach_plugin_is_elementor":false,"_links":{"self":[{"href":"https:\/\/wermlandslarm.se\/index.php?rest_route=\/wp\/v2\/pages\/823","targetHints":{"allow":["GET"]}}],"collection":[{"href":"https:\/\/wermlandslarm.se\/index.php?rest_route=\/wp\/v2\/pages"}],"about":[{"href":"https:\/\/wermlandslarm.se\/index.php?rest_route=\/wp\/v2\/types\/page"}],"author":[{"embeddable":true,"href":"https:\/\/wermlandslarm.se\/index.php?rest_route=\/wp\/v2\/users\/1"}],"replies":[{"embeddable":true,"href":"https:\/\/wermlandslarm.se\/index.php?rest_route=%2Fwp%2Fv2%2Fcomments&post=823"}],"version-history":[{"count":4,"href":"https:\/\/wermlandslarm.se\/index.php?rest_route=\/wp\/v2\/pages\/823\/revisions"}],"predecessor-version":[{"id":834,"href":"https:\/\/wermlandslarm.se\/index.php?rest_route=\/wp\/v2\/pages\/823\/revisions\/834"}],"wp:attachment":[{"href":"https:\/\/wermlandslarm.se\/index.php?rest_route=%2Fwp%2Fv2%2Fmedia&parent=823"}],"curies":[{"name":"wp","href":"https:\/\/api.w.org\/{rel}","templated":true}]}}